*3 + 69*s - s**3 - 25*s - q*s. Give r(2).
1
Let m(f) = -3*f + 123*f**2 + f - 3 + 116*f**2 - 233*f**2. Calculate m(3).
45
Let b(j) be the first derivative of -j**4/4 - 2*j**3 - 5*j**2/2 - 2*j + 117. Let m = -420 + 415. What is b(m)?
-2
Let t = 7 + -13. Let p(w) be the third derivative of 1/60*w**5 + 0 + 1/3*w**4 + 5/6*w**3 + 0*w - 36*w**2. Calculate p(t).
-7
Let x(j) = 9*j + 11. Let s(l) = 3*l + 4. Let k = -607 + 613. Let d(f) = k*x(f) - 17*s(f). What is d(1)?
1
Let x(g) = -g**3 - 12*g**2 + 3*g + 4. Let i(f) = -f**3 - 11*f**2 + 4*f + 4. Let v(z) = -5*i(z) + 4*x(z). Let q = 16400 + -16408. What is v(q)?
-4
Let x(v) = 94*v - 85. Let g(n) = 67*n - 60. Let q(a) = 7*g(a) - 5*x(a). Suppose -c = -0*c. Give q(c).
5
Let b(z) = 5*z + 15. Let y(i) = 4*i**2 + 18*i - 19. Let c be y(1). Let a(h) = -h + 3. Let g(t) = c*a(t) - b(t). Give g(-4).
26
Let p(n) = n**2 - 9*n - 9. Suppose -61 + 10 = -17*k. Suppose -11 = -k*c + 5*q, -c + 13 = -16*q + 19*q. What is p(c)?
-23
Let y = -131 + 138. Suppose 0 = 4*w + y - 27. Let f(d) = -d + w*d + 0*d - 6 - 5*d. What is f(8)?
-14
Let j(k) = 3*k**3 + k**2 + 11*k + 1. Let z(q) = q**3 + q**2 + 5*q. Let h(u) = -3*j(u) + 7*z(u). Let t be -3 + 2 - -2 - -4. Let n = -2 + t. Calculate h(n).
-15
Let u = -59 + 62. Suppose 35*z + u = 34*z. Let b(n) = 3*n**2 - 3. Calculate b(z).
24
Let q(d) = -15*d**2 + 4*d - 5. Suppose -98 = -24*g - 74*g. Give q(g).
-16
Let m(q) = -3*q - 216. Let b(v) = 7*v + 463. Let j(u) = 6*b(u) + 13*m(u). Calculate j(18).
24
Let v be 4 + (-2)/(4 + -2). Let b(l) = -l**2 + 2*l + 6. Give b(v).
3
Let z(n) = -n**2 + n + 2. Suppose -10 + 1 = 3*a, b + 2*a = 8. Let x be ((-8)/b)/(42/(-147)). Calculate z(x).
0
Let x(z) be the second derivative of z**6/180 - z**5/120 - z**4/12 - 57*z**3/2 - 59*z. Let s(j) be the second derivative of x(j). What is s(-2)?
8
Let g(x) = -x**3 + 5*x**2 - 4*x + 7. Let o(p) = 24*p - 3*p**3 - 9*p**2 + 14 + 2*p**3 + 30 - 17. Let m be o(-11). Give g(m).
-13
Suppose 4*t = -5*p + 4098, 3*p + 2*t = 4*p - 828. Let q(u) = -3*u + p - 839 + 4*u. Give q(10).
-7
Let f(z) = -z**3 + 14*z**2 - 14*z + 12. Suppose -3*b = 5*n + 29 - 98, -5*b = 4*n - 89. What is f(b)?
-1
Suppose 5*j - 4*j = 3. Let k(p) = -2*p - 2 + 2 - 4 + p**j + 3*p**2. Suppose -4*l + 14 = -2*s, -3*s + 0*s = 4*l + 1. Calculate k(s).
2
Let n = -264 + 262. Let i(k) be the third derivative of k**6/60 + k**5/15 + k**4/6 + k**3/3 + 201*k**2. Calculate i(n).
-6
Let u(m) = -m - 5. Let q be ((45 - 38) + -2 + -6)*18. Determine u(q).
13
Suppose -7*i + 11 = 3*p - 2*i, 0 = -2*p + 5*i - 1. Let d = -3 - p. Let n(u) be the first derivative of u**2 + 4*u - 20007. What is n(d)?
-6
Let p be (-1)/4 + 1*(-1)/(-4). Suppose 5*l = -3*v + 25, -5*l + p*v - 2*v = -20. Let z(j) = -l + 1 + 1 + 2*j + 2. What is z(-5)?
-8
Let r(k) be the third derivative of k**4/8 + 22*k**3/3 + 958*k**2. Give r(-15).
-1
Let g(f) = -f**2 + 15*f - 22. Suppose 0 = -4*l + 10 + 10, -14 = -3*o + 5*l. Let j be g(o). Let b(p) = -4*p + 5. What is b(j)?
-11
Let k(t) be the first derivative of 61 + 1/3*t**3 - 4*t**2 + 2*t. What is k(7)?
-5
Let x = -4020 + 4032. Let b(q) = -4*q + 48. Calculate b(x).
0
Let j(n) be the third derivative of -n**5/60 - 5*n**4/24 + 2*n**2 + 58. Let f be j(0). Let i(g) = -g - 16. Calculate i(f).
-16
Let j(b) = 25*b**3 - 4*b**2 + 20*b - 15. Let t be j(1). Let o(s) = -2*s**2 + 50*s + 54. Give o(t).
2
Let z = 227 + -220. Let j(y) = -2 + 8 - 3 - z*y. Suppose -4*s + 4*w = 32, -w - w = -s - 13. Determine j(s).
24
Let m(q) be the first derivative of -q**7/420 + q**6/360 - q**4/24 - 58*q**3/3 + 24. Let h(f) be the third derivative of m(f). Calculate h(1).
-2
Suppose 3*q = 2*m + 3*m + 51, -68 = -4*q + 2*m. Let g(j) = j**3 - 15*j**2 - 35*j - 17. Determine g(q).
-34
Let y(j) = 3*j - 7. Suppose 0 = -2*x - 0*x + 12. Suppose -5*u + 18 + 14 = r, 14 = 4*u - 5*r. Let v be (-15)/u*(-12)/x. Calculate y(v).
8
Let n(o) be the third derivative of o**6/120 + o**5/15 - o**4/4 - 11*o**3/3 + 8*o**2 + 7*o - 1. Calculate n(-4).
2
Let y(u) = -2*u + 13. Let v be y(6). Let p = -33 - -54. Let d(t) = -p*t + 10*t + 12*t + v. Determine d(-3).
-2
Let r(v) be the third derivative of 3*v**4/8 - 67*v**3/6 - 10*v**2 + 33*v. What is r(8)?
5
Let t(i) = -i**3 - 9*i**2 + 26*i + 2. Let a be t(2). Let l be (4/20)/((-1)/a). Let c(h) = h**3 + 2*h**2 - h - 2. Determine c(l).
0
Let p(r) = -r + 1. Suppose -d - 13 = -3*q, 3*q - 5 = 4*d + 2. Let c be 7 + q/(-10)*6. Determine p(c).
-3
Let k(r) be the second derivative of r**6/360 - r**5/120 - r**4/3 + 3*r**2/2 - 48*r. Let o(b) be the third derivative of k(b). Let j = 7 - 11. Determine o(j).
-9
Let w = 29 - 30. Let f(g) be the second derivative of -13*g**5/120 - g**4/24 + g**3 - 2*g**2 + 19*g. Let i(u) be the second derivative of f(u). Calculate i(w).
12
Let a = -2701 + 2701. Let u(d) be the second derivative of -1/2*d**2 + 2/3*d**3 + a - 9*d. Give u(-4).
-17
Let o(x) = -x**3 - x**2 + 2. Let l be (-6)/((-84)/7) - 11/2. Let y be (-2 - -2)/((4 + l)*1). Let w be o(y). Let f(p) = -p**3 - p**2 + 2*p. What is f(w)?
-8
Let j be 1*((-222)/30 + 7 + (-8)/(-20)). Let y(h) = 8*h - 6. Give y(j).
-6
Let b(w) be the third derivative of 3*w**4/2 - 19*w**3/2 - w**2 - 4*w + 10. Determine b(2).
15
Let h(s) = 6*s**2 + 53*s - 66. Let q be h(-10). Let l(m) be the first derivative of -m**4/4 + 2*m**3/3 + 2*m**2 + 5*m - 3. Determine l(q).
-11
Let t(l) be the first derivative of -l**3/3 + 5*l**2/2 + 33*l + 2108. Determine t(8).
9
Let w(n) = 77*n - 1. Let l(u) = 464*u + 87. Let y(b) = -l(b) + 6*w(b). Determine y(-49).
5
Let n be (10/(-10))/(2/(-4)). Let o be 4 - (0 + (-1)/n)*-4. Let g(t) = -t**3 + o*t**3 - 6*t - 7*t**2 + 2 + 2 - 2*t. Give g(8).
4
Let z(h) be the second derivative of h**3/6 + 25*h**2/2 - 2*h + 67. Calculate z(-16).
9
Let t(b) = 5*b**2 - 40*b + 22. Suppose 26*u + 25283 = 25465. What is t(u)?
-13
Let w = -3 - 3. Let i be (-4)/(-60)*-9 + 76/10. Let y(k) = -9*k + 6. Let c(p) = 16*p - 11. Let t(z) = i*y(z) + 4*c(z). What is t(w)?
-8
Let i(s) = 33*s**2 - s - 1. Let o(b) = -100*b**2 + 6*b + 3. Let k(v) = 3*i(v) + o(v). Suppose 0 = 5*c - 19 - 1. Determine k(c).
-4
Let j(f) be the first derivative of -f**6/120 + f**5/60 - f**4/12 + f**3/3 - 55*f**2/2 + 13. Let g(m) be the second derivative of j(m). What is g(1)?
0
Let b be (-1429)/(-136) + (-20)/(-170) - 9/(-24). Let w(q) = q**3 - 9*q**2 - 22*q + 7. Determine w(b).
7
Let h(x) = -x - 10. Let f = -41 + 19. Let z = -11 - f. Suppose 11 + z = -2*p. Determine h(p).
1
Let t(w) = -212*w - 214*w + 29 + 3*w**2 + 659*w - 214*w - w**2. Determine t(-7).
-6
Let c(n) be the first derivative of 13/3*n**3 + 15/2*n**2 + 3*n - 4 + 5/4*n**4. Let v(i) = 3*i**3 + 7*i**2 + 8*i + 2. Let p(a) = -4*c(a) + 7*v(a). What is p(4)?
2
Let g(n) = 59*n**2 + 3*n + 68. Let b(q) = 106*q**2 + 6*q + 136. Let t(k) = 5*b(k) - 9*g(k). Calculate t(-7).
-2
Let u(r) = 30610 - 4*r - 30596 + 8*r**2 + 2*r + r**3. What is u(-8)?
30
Suppose -4*a = 2*s - 7*a - 14, -5*a - 6 = -2*s. Let z(x) = x - s + 31 - 31. Calculate z(9).
-4
Let l(w) = -3*w - 6 + 3*w**3 - 4*w**3 + 12 - 6*w**2. Let h(v) = -2*v - 13. Let c be (-76)/16 + (-3)/(-4). Let d be h(c). What is l(d)?
-4
Suppose 16 = 3*g - 29. Suppose g = 4*a + 7. Suppose -c - 53 = 5*z, 5*c - 15 = a*z + z. Let u(r) = -r**2 - 11*r - 11. Give u(z).
-1
Suppose -3*i = -14 - 19. Let c(d) = -13 + 3*d**2 + 3*d + d**3 + 22 - i. Suppose 3*q = -2*q - 15. What is c(q)?
-11
Let r(b) = -7*b**3 + 17*b**2 - 10. Let g(v) be the first derivative of -3*v**4/4 + 8*v**3/3 - v**2/2 - 5*v + 65. Let t(d) = -5*g(d) + 2*r(d). Determine t(5).
5
Let n(y) = -33*y**2 + 3*y + 15*y**2 - 11*y - 2 + y**3 + 7*y**2 + 9*y**2. Determine n(3).
-17
Let c(a) = -a**2 - 15*a - 78. Let q be c(-7). Let s be 31/(-155) - q/10. Let t(f) = -2*f**2 + 5*f - 4. Determine t(s).
-2
Let u(x) = 3*x**2 - 2*x - 1. Let z be u(-1). Let j be 9/(-10 + 1) - -2. Let q(o) = -2*o - 8. Let l(i) = i. Let y(d) = j*q(d) + z*l(d). What is y(6)?
4
Let o(x) = -154*x + 150*x - 600 + x**2 + 595. Determine o(4).
-5
Let g(c) = 63*c - 193. Suppose -3*t + 2 = z, -11*z - 8 = 69. What is g(t)?
-4
Let y = 897 + -900. Let g(m) = m**3 + m**2 - 5*m + 1. Give g(y).
-2
Suppose -3*u + 8*u = -y, -u = 5*y. Suppose y*g - 9 = 3*g. Let b(j) = 14*j + 23. Let i(p) = 13*p + 20. Let c(d) = -6*b(d) + 7*i(d). What is c(g)?
-19
Let b be (24/5 + -4)*5. Sup